mon divisor of i and w?
1
Suppose 131 = 4*v + 5*b + 9, 2*b = 5*v - 169. Let s(p) = -21*p + 1. Let l be s(-1). Calculate the highest common divisor of v and l.
11
Let z(g) = g + 9. Let b be z(-7). Suppose -r + 420 = b*r. Suppose 17*h + 280 = 22*h. Calculate the greatest common divisor of h and r.
28
Let h(k) = k**3 + 20*k**2 + k + 32. Let n be h(-20). What is the highest common factor of n and 156?
12
Let u(t) = -t - 3. Let q be u(3). Suppose 0 = -4*g - 16, 4*k + g = -60 - 0. Let o = q - k. What is the greatest common factor of o and 20?
4
Let s(q) = q**3 - 6*q**2 - 12*q + 4. Let o be s(8). Suppose k = 44 + o. What is the greatest common divisor of k and 16?
16
Let x(q) = 2*q + 38. Let u be x(-15). What is the highest common divisor of u and 1?
1
Let r = 128 + 230. Let y be r/8 - (-3)/12. What is the greatest common factor of y and 30?
15
Suppose 0 = 2*u - 21 + 3. Let j = 15 + u. Let h = 6 - 0. Calculate the greatest common factor of j and h.
6
Let p(g) be the second derivative of -g**4/12 + g**3/2 + 3*g**2 - 3*g. Let k be p(5). Let b = 5 + k. What is the highest common divisor of 11 and b?
1
Suppose -27 = -5*a + 4*o - 0*o, -o = -4*a + 26. Calculate the highest common factor of a and 14.
7
Suppose -2*y - 5*o + 2895 = 3*y, -4*y - o + 2331 = 0. Let q = y - 404. Suppose -3*m = -0*m - q. Calculate the greatest common factor of 6 and m.
6
Let k = 498 - 223. Calculate the greatest common factor of k and 25.
25
Let n(p) = 3*p**2 + 3*p. Let z be n(-4). Suppose -5*r = 3*y - 245, -3*y + 335 = y + 5*r. Calculate the highest common divisor of z and y.
18
Let a = -11 - -21. Calculate the highest common divisor of a and 2.
2
Suppose -8*o = -3*o - 45. Calculate the greatest common divisor of o and 45.
9
Suppose 2*p = -3*p + 50. Calculate the greatest common factor of 15 and p.
5
Suppose -5*r + 2*u + 2 = 0, 0*r + 5*r + 3 = -3*u. Let h be r + 0 + 9/1. Let o = h - -1. Calculate the greatest common factor of 90 and o.
10
Suppose 8 = -k + 2*t, -2*t - 1 = -9. Suppose 0 = -4*d - 5*o + 427, 4*d = -k*o + 2*o + 434. Calculate the highest common factor of d and 12.
12
Suppose 4*m + r = -2*r + 275, -6 = 2*r. Suppose -94 - m = -z. Calculate the greatest common factor of z and 15.
15
Let m(x) = 171*x**2 + 1. Let o be m(1). Suppose -5*w + 4*r + 148 = 0, 0 = 5*w + 4*r - 0*r - o. Let b = 89 - 81. What is the greatest common factor of w and b?
8
Let d(k) = 2*k**2 - 11*k + 4. Let f be d(7). Let i = f - 14. Calculate the greatest common factor of 1 and i.
1
Let m(y) be the second derivative of -y**5/20 - 2*y**4/3 - y**3/3 + 11*y**2/2 - 7*y. Let f be m(-8). Calculate the highest common divisor of f and 9.
9
Let j(x) = -15*x. Let i be j(-1). Let m = -10 + 12. Let c be (-5)/m*(-2 + -2). Calculate the greatest common factor of i and c.
5
Suppose 4*v - 8 = 92. Let r be (60/(-35))/(1/(-7)). Let i = r + -7. What is the greatest common factor of i and v?
5
Suppose -125 = -7*v + 57. Suppose -3*i - b = -35, -i + b - 48 = -5*i. Calculate the highest common divisor of i and v.
13
Suppose 0 = -4*j + 9*j. Suppose b = -j*b + 55. What is the greatest common factor of b and 22?
11
Let s(x) = -4 - x + 4. Let k be s(-1). Let j be (-3)/k*120/(-18). What is the greatest common divisor of 50 and j?
10
Let s be -7*(132/(-7))/2. What is the greatest common divisor of s and 6?
6
Let w be (-2)/(-4) - 2192/(-32). What is the greatest common factor of 23 and w?
23
Suppose a + 13*a = 1078. Suppose 5*b - 26 - 29 = 0. Calculate the greatest common factor of a and b.
11
Suppose 9*l - 151 = 65. What is the greatest common divisor of l and 96?
24
Let a be (-1 + (-1 - -1))*-2. Suppose -9*x = 5 - 23. What is the highest common factor of a and x?
2
Let t(v) = -v**3 + 4*v**2 + 4. Let l(m) = -5*m - 1. Let i be l(-1). Let y be t(i). Suppose 4*j = -j + 5. Calculate the highest common divisor of y and j.
1
Let s = 7 - 9. Let h be (-1 - s)*(3 + 15). Calculate the greatest common divisor of 12 and h.
6
Suppose 0*k - 4*k + 8 = 0. Let p be k - -2 - 1 - 4. Let z be 8 + -2 + (-3)/p. Calculate the greatest common divisor of 18 and z.
9
Suppose -3*r = -154 - 26. What is the highest common factor of 90 and r?
30
Let b(a) = -a - 7. Let l be b(-10). Let q be (-2)/2 + (-9 - -43). What is the highest common factor of q and l?
3
Suppose 15 = -3*o - 0, 2*w - 3*o - 69 = 0. Let x be (-111)/(-6) + 7/(-14). Calculate the highest common divisor of x and w.
9
Suppose 3*o - 5*o + 38 = 0. Let c(p) = -18*p - 2. Let t be c(-6). Let v = 65 + t. Calculate the greatest common factor of v and o.
19
Let j = 23 + -18. Calculate the highest common divisor of 5 and j.
5
Let j be (3/2)/((-12)/(-112)). Let d(t) = t**2 + 4*t - 5. Let o be d(-6). Calculate the highest common factor of o and j.
7
Let z(n) = n + 10. Let d be z(4). Calculate the highest common factor of 98 and d.
14
Let t be (-12)/27 + (-638)/(-18). Suppose 7*i - 25 = 2*i. What is the greatest common factor of t and i?
5
Let w(r) = r**3 - r**2 - 2*r + 4. Let z = -19 - -21. Let v be w(z). What is the greatest common divisor of v and 16?
4
Suppose -6*z - 120 = -16*z. What is the greatest common factor of 30 and z?
6
Suppose 3*l + 65 = 8*l. Let c(d) = 5 - 3*d + 5*d**3 + 7*d**2 + 2*d**3 - 6*d**3. Let t be c(-7). Calculate the highest common factor of l and t.
13
Let q be 24/16*640/6. Calculate the highest common factor of 20 and q.
20
Suppose 10 = 2*h + 3*f + 2*f, -5*h + f + 25 = 0. Let n = 2 + 3. Calculate the greatest common divisor of h and n.
5
Suppose -3*y = 0, -3*l + 186 = -y - y. Suppose -58 = -r + l. Suppose 0 = 2*t - 7 - 17. What is the highest common divisor of r and t?
12
Suppose -5*o = 27 - 547. What is the highest common factor of o and 26?
26
Let i(p) = -p**2 + 10*p + 35. Let z be i(11). What is the greatest common divisor of 264 and z?
24
Suppose 2*j = p - 0*j - 154, j = -5*p + 759. Calculate the highest common factor of p and 19.
19
Let t = 35 - 31. What is the greatest common factor of 28 and t?
4
Suppose 8*v + 420 = 22*v. Calculate the highest common factor of 210 and v.
30
Suppose 2*t + 2*t = 156. Let q = -7 + t. Calculate the greatest common divisor of 48 and q.
16
Let l be (420/(-10) + 6/(-2))*-3. What is the highest common divisor of l and 5?
5
Let c(w) = w**3 + w**2 + w + 3. Let l be c(0). Let k = 5 - l. Suppose 4*y = j - 12, 3*j = j + k*y + 12. Calculate the highest common divisor of 28 and j.
4
Let j(f) = -2*f - 24. Let p be j(-24). What is the highest common factor of 24 and p?
24
Suppose 3*t = -2*n + 266, 5*t + 217 - 662 = -5*n. Let g be (33/(-6))/(2/(-4)). What is the greatest common divisor of t and g?
11
Let w be 1 + (14 - 0/2). Let q be w/6*(-28)/(-10). Let g be (-8)/28 - (-212)/q. Calculate the highest common divisor of g and 12.
6
Let a = 22 - -42. Calculate the highest common factor of a and 8.
8
Suppose p - 30 = -4*p. Let y(j) = -j**2 + 6*j. Let t be y(p). Suppose -3*n + 75 = -t*n. Calculate the greatest common divisor of n and 5.
5
Suppose -3*o - 153 = -3*v, 6*v = v + 4*o + 256. What is the highest common factor of 13 and v?
13
Let x(n) = n**2 + 6*n + 7. Let b be x(-7). Let g be 534/(-42) + (-4)/b. Let k = g - -26. What is the highest common divisor of k and 52?
13
Let d(i) = 8*i**2 - 11*i + 5. Let u be d(3). Let m = 10 + -5. Let h be ((-4)/(-5))/(1/m). Calculate the highest common divisor of h and u.
4
Suppose 2*y = 0, -y - 8 = -2*r + y. What is the greatest common factor of r and 8?
4
Let b(c) = -c**2 + 5*c - 2. Let i be b(-6). Let h be -3*3/9*i. Suppose -3*w + 2*y = -153, h = 3*w - y - 85. Calculate the greatest common factor of 17 and w.
17
Let t = 13 + -5. Let a be (3 - 2 - t)*-1. Calculate the highest common factor of a and 63.
7
Suppose 2*g = 5*y - 2*g - 265, 32 = y - 5*g. What is the highest common factor of y and 38?
19
Suppose -4*j - 74 = 14. Let w = j - -54. Calculate the highest common factor of w and 8.
8
Suppose 0*m + m + 1 = 0, -3*n - 5*m + 73 = 0. What is the greatest common factor of n and 13?
13
Let t(a) = 5 - 4*a - 2 - 2 + 0*a. Let n be t(-1). Suppose n = 5*o - 0*o. Calculate the greatest common factor of 4 and o.
1
Let n be 5 + 0*(0 - 1). Let v be (4/(-10))/(n/(-50)). Suppose 6*b = v*b + 28. What is the highest common factor of b and 14?
14
Let j be 2/(-4) - (-7)/2. Let h = 17 + 4. What is the greatest common factor of h and j?
3
Suppos